6 - -59)?
-43
Evaluate (-9 - (-4 - 47 - -1) - 11) + (5 - 4).
31
What is the value of -45 - -49 - ((-62 - -167) + (-11 - 0))?
-90
What is (61 - (19 + 95)) + 23?
-30
Calculate 28 + -26 - ((18 - 8) + -8 + -2 + 3).
-1
Evaluate (118 - (-15 + -4 + (-7 - -16))) + -17.
111
What is (-4 - 5) + -14 + -28 + -30?
-81
Evaluate -44 + 53 + (-63 - -112).
58
Calculate 50 + (-7 - 6) - (-105 - -112).
30
Evaluate (279 - 274 - (3 + (0 - 0))) + 15.
17
Evaluate 23 + (-25 - 30) + 9.
-23
What is the value of -2 - (-60 + -1 + -6 - (-20 + 14 - -4))?
63
Calculate -9 - (-134 + (-2 - 1 - -12 - (20 + -8))).
128
What is -2 + -34 + (126 - 85 - 8)?
-3
What is 51 - (75 - (5 + -5))?
-24
What is (7 - 16) + -22 + 3 + -70 + 6?
-92
Calculate 25 + (23 - (118 + -28 + 17)).
-59
Calculate (-7 - 2) + (4 - (1 + -1 + 0)) - 21.
-26
71 - ((-7 - 0 - (284 - 299)) + 1 + -6)
68
What is -27 - (5 + -6 + (3 - ((5 - -4) + -7)))?
-27
Evaluate 1 + 7 - (-17 + 26 + (-15 - 35)).
49
What is (-6 - 11 - -37) + -60 - 32?
-72
43 - (-25 - -98) - (0 + 4)
-34
Evaluate 48 + (28 + -58 - 23).
-5
Calculate 2 + (-117 - (-38 - 26)).
-51
Calculate -3 + 5 - ((14 - (-23 + 5)) + -3).
-27
What is the value of 2 + 10 + (9 - -12)?
33
What is the value of -3 + 2 + (16 - 2 - (-97 + 66)) + 1?
45
Calculate 10 - ((-20 + 32 - -2) + -12 + 2).
6
Evaluate -6 - (-2 - (24 + -14)) - 15.
-9
23 - (24 + -17 - 12) - 9
19
Calculate -91 - (-31 - 9) - -14.
-37
What is -1 + -41 + -6 - (-16 + -37 + 44)?
-39
What is (0 - 84) + 2114 + -2061?
-31
-2 + -68 + -1 - (-31 - (-46 + 15))
-71
What is the value of 95 + (-90 - -50) + -32?
23
What is -59 + 10 + (-14 - -24) + 62?
23
What is the value of -52 - (-34 + 17) - (0 + -10) - 0?
-25
Calculate 3 + -4 - -5 - 5 - (-6 - -9 - -6).
-10
Calculate 7 - (-5 - (11 - (-7 - 1) - 7)).
24
Calculate (-9 - (16 - (-2 - -28)) - (-7 - -19)) + -3.
-14
62 + (177 - 252) - (-84 + 0)
71
What is the value of (-17 - -9) + 105 + (-3 - 26)?
68
Evaluate (1 - -9) + (-7 + 12 + 24 - -7).
46
-58 + (-3 - (18 + (-41 - -25))) + (-1 - 1)
-65
What is -8 - (-25 + 23) - (1 - 19)?
12
Calculate (4 - (9 - -4)) + (4 - 4) + -39 + -4.
-52
Calculate 17 + 2 + (-73 - ((-31 - -59) + 5)).
-87
Calculate -37 - (24 - 34) - (-5 - -14).
-36
What is the value of (-63 - -57) + -18 - -40?
16
Evaluate (21 - (17 - -25)) + 38 - -3.
20
Calculate -11 + -2 - ((-34 - -19) + (21 - 55) + -14).
50
What is the value of (-3 - -4) + -12 + (37 - 11)?
15
What is the value of (89 - 80 - (21 + -7)) + (7 - (2 + -5))?
5
What is the value of 32 - (23 + 2 + (-32 - 52))?
91
What is the value of 2 + 11 - (136 - ((-17 - -39) + -15))?
-116
What is the value of (36 - -17) + -19 + -44 - -25?
15
Evaluate 99 + -78 + -39 - (1 - -11).
-30
Evaluate -20 + -25 + 10 + 82.
47
Calculate -1 + -25 - (30 + (-29 + 16 - 9)).
-34
58 + -10 + -53 + 92
87
1 + -73 + (6053 - 6063)
-82
What is 103 + (-203 - -109) - (21 - -3)?
-15
What is the value of 20 + (-14 - (-32 - -4) - 94)?
-60
Calculate (7 - (-9 - 4 - 36)) + 2 + 6.
64
(-12 - 23) + -5 - (4 + -2 + 2)
-44
(5 - 42) + 7 + 41 - (33 - -1)
-23
Calculate (44 - -8) + -37 - (-2 + (-1 - -70)).
-52
Evaluate (0 + 0 + -59 + 58 - -9) + 23.
31
-39 + 2 + -4 + 21 + -31
-51
What is the value of (-27 - (4 + 24)) + 10?
-45
What is the value of -48 + -10 + 0 + (51 - (2 + 32))?
-41
Evaluate -52 + (37 - 61 - -14).
-62
What is -237 + 193 - (-4 + -54)?
14
133 - (147 + -125 + 83)
28
-97 + 8 - ((355 - 324) + (-17 - -1))
-104
Evaluate (-92 - (-154 + 85)) + -2 + 120 - (-2 + -10).
107
Evaluate (3 - (-2 - -7)) + -5 + 1 + (375 - 352).
17
Calculate (3005 - 2960) + (1 - 15).
31
9 - (-35 - -56) - (2 + 43)
-57
10 + 3 + (-30 - -91) + 34
108
-15 - 2 - (-1 + -46 + 1 + -9)
38
Evaluate 7 - -86 - (177 - 141).
57
What is (8 - 2) + (28 + -1 - (3 + 23 + -8))?
15
116 + -32 + 9 - 110
-17
What is -7 - (-59 + (40 - 20) + 14)?
18
What is 6 + (-15 - (1 - ((-119 - 0) + (-99 - -96))))?
-132
What is the value of (3 - ((5 - -26) + -5)) + (-299 - -294)?
-28
Evaluate (-1 - -7) + (25 + -7 - 26) + (-46 - -84).
36
Calculate 14 - (-67 + (34 + -43 - (-19 + -3))).
68
What is the value of (3 - 1) + 31 + (57 - 96) + 47?
41
Evaluate 12 + (-9 - (6 + -6)) + (-116 - -135).
22
What is -58 - (20 - (23 + 36))?
-19
What is 25 + -19 - (-13 + (14 - 2 - 16))?
23
Evaluate -59 - ((-153 - -134) + 9 + 0).
-49
What is 10 + (-9 + -6 + 11 - 9) - -53?
50
What is (-22 - 4) + -5 + 11 - -38?
18
7 - (1 + (-14 - -13 - 0 - 13))
20
(119 - (10 - 8)) + (-9 + 18 - 18) + 0
108
What is -3 + (90 - -23) - 90?
20
What is the value of (-70 - -103 - -30) + (-1 - 8) - -3?
57
-48 - 2 - 1 - (272 - 295)
-28
What is 4 - ((-3 - -6) + -8) - -1 - -38?
48
Calculate -21 + 25 + -36 + (-2 - -2 - -2).
-30
What is -49 - ((60 - 130) + 77)?
-56
Calculate 28 + (17 - 2 - 86).
-43
15 + (0 - 7) + 49 + 18 + -55
20
What is the value of 21 - (-15 + (20 - (12 + -25)))?
3
What is the value of 84 + 3 + 281 + -310?
58
-1762 + 1811 - (-1 - -21)
29
-35 + 85 + -53 - (-43 + -2)
42
What is the value of ((-11 - -29) + -25 - 5) + 13?
1
(78 - 72) + (16 - (-2 - -5))
19
What is -25 - (44 - 76 - 24)?
31
What is -230 - -143 - (2 - (4 + -2 + 9))?
-78
Calculate (-2 - 0) + -20 + 25 + 33 + -50.
-14
Evaluate 78 + (-1 - (32 + 2 - 20 - 8)).
71
Calculate 0 - 2 - (15 + (-27 - (3 + -27))).
-14
29 + -33 + 2 + 1 + 82 - (-173 + 177)
77
What is the value of 34 + (3 - (-22 - -35) - 4)?
20
Calculate -119 - (-32 + -66 + 39).
-60
Calculate (-2 - 21 - -2) + (-18 - -11).
-28
Evaluate (3 + -6 - -5) + -80 + 72 + 80.
74
(22 - 13) + 23 + (8 - 45)
-5
Calculate -53 + (42 + -53 - -68).
4
47 - (-31 + 44 + 34)
0
Calculate (8 + 94 - 51) + (-11 - (3 - (3 + -2))).
38
What is the value of (-2 - 35) + 6 + (-217 + 216 - (9 + -1))?
-40
Calculate 5 + 4 + 15 + (-4 - 4 - -2 - 4).
14
Evaluate 55 - (86 - (20 + -32)).
-43
What is -7 + 2 - (39 + 1 - (-485 + 507))?
-23
What is the value of -3 - (-1 - -3) - 3 - (75 + 9 + -40)?
-52
What is the value of -18 - (-3 - 0) - (-42 - (-3 - 8) - -106)?
-90
Calculate -37 + 88 + 77 + -277.
-149
What is the value of 95 - (-21 + 23 + (2 - (14 - -7)) + 6)?
106
26 + 11 + (102 - 90)
49
(-11 - -5) + 15 + (-3 - (10 + -12)) + 5
13
Evaluate 9 + -4 + -18 - -18 - 1.
4
Calculate (30 - (-1 - -22)) + (-36 - -21).
-6
What is the value of -12 - (-21 - (-37 + 18))?
-10
Evaluate -355 - -412 - (0 + (-1 - -3)) - -4.
59
Evaluate -30 - -17 - -24 - (-2 + -39).
52
-21 - (-7 + -74 + 49 - -106)
-95
Evaluate 45 - ((22 - 9) + -5) - -4 - -1.
42
What is the value of (-355 - -372) + -1 + -20 + -25?
-29
145 + -25 + -43 + -145
-68
36 + 0 - (47 + 22)
-33
Evaluate (2 - (-19 + 29 + -16)) + -67 + 24.
-35
What is (48 - 66) + -28 + -4?
-50
407 + -350 - (33 + -2)
26
What is (-19 - 34) + 78 - (-1 + 45)?
-19
What is the value of (-8 - (1 - 8)) + -13 + (9 - 5) + -9?
-19
Calculate 35 - (-13 + (-76 - -32)).
92
Evaluate -23 + (-4 - 0) - (-237 - -249).
-39
What is (-13 - -90) + -49 - (1 + -1)?
28
What is (14 - (27 - 17) - 7) + 40?
37
Evaluate -9 + (19 - (23 - -21)) - -81.
47
What is the value of -11 + 25 + (27 - -23) + (-3 - 2)?
59
What is the value of -10 - 14 - ((11 - 8) + 1)?
-28
Evaluate (-1 + 21 - 16 - 1) + (-1 - (0 + 17)).
-15
What is the value of 7 + 81 + -2 + -26 - 0?
60
87 + 0 + -2 + 1 - (-1036 - -1046)
76
What is the value of -4 - (24 + 28 + -95 - -8)?
31
What is -8 - 6 - (-21 + 2) - (-2 - -1) - 3?
3
What is (-416 - -325) + 98 + 16?
23
What is 0 + (27 - 17 - 26) + 27?
11
What is the value of -25 + (11 + -16 - 15) + 0 + (-2 - 2)?
-49
What is the value of (324 - 303 - (28 + -2)) + 38?
33
What is 9 - (51 - (2 + 13 + -1))?
-28
What is -5 - (-27 + (-16 - ((-19 + 9 - -9) + -8)))?
29
What is -46 + (-48 - -70) + 12?
-12
10 - ((2 - -17 - (-91 - -100)) + -4 + 28)
-24
-4 + -3 + 31 + 37 + -82
-21
What is the value of -5 - 69 - (-24 + 4) - -10?
-44
(71 - -17) + 14 - -1 - 13
90
What is the value of 43 + -5 - (133 - 97)?
2
Evaluate -116 - (-116 - (-24 + 8)).
-16
Evaluate -71 - -93 - (8 - 15).
29
Calculate -75 - -89 - (8 + -21 - 18).
45
23 + (-6 - (-44 + 25) - 26) + 117
127
Calculate (12 - (71 - 26) - -42) + -3 + 0.
6
Calculate -46 - (-5 + 19 - 13).
-47
Calculate -117 + 230 - 44 - 173.
-104
Calculate 3 + (7 - (-55 - -73)) + (-38 - 1).
-47
What is -5 + 0 + 3 + -15 + 23 + -5 + -17?
-16
-32 - -1 - (-3 + -60)
32
What is the value of (3 - -28) + -4 - (271 - 250)?
6
Calculate (-1 - -2) + 30 - (68 - 89 - -31).
21
What is 0 - (-112 + 5) - 8 - (589 + -59